{"id":5263,"date":"2024-02-27T10:26:08","date_gmt":"2024-02-27T10:26:08","guid":{"rendered":"https:\/\/v-up-solutions.com\/?page_id=5263"},"modified":"2024-04-15T09:06:21","modified_gmt":"2024-04-15T09:06:21","slug":"gestion-des-suggestions-damelioration-esuggestions","status":"publish","type":"page","link":"http:\/\/v-up-solutions.com\/index.php\/gestion-des-suggestions-damelioration-esuggestions\/","title":{"rendered":"Gestion des Suggestions d\u2019Am\u00e9lioration : E\u2013SUGGeSTIONS"},"content":{"rendered":"\t\t<div data-elementor-type=\"wp-page\" data-elementor-id=\"5263\" class=\"elementor elementor-5263\">\n\t\t\t\t\t\t<section class=\"elementor-section elementor-top-section elementor-element elementor-element-7444b4c ot-traditional elementor-section-boxed elementor-section-height-default elementor-section-height-default\" data-id=\"7444b4c\" data-element_type=\"section\">\n\t\t\t\t\t\t<div class=\"elementor-container elementor-column-gap-extended\">\n\t\t\t\t\t<div class=\"elementor-column elementor-col-50 elementor-top-column elementor-element elementor-element-aa5f38f ot-flex-column-vertical\" data-id=\"aa5f38f\" data-element_type=\"column\">\n\t\t\t<div class=\"elementor-widget-wrap elementor-element-populated\">\n\t\t\t\t\t\t<div class=\"elementor-element elementor-element-7dffcf4 elementor-widget elementor-widget-iservice_box\" data-id=\"7dffcf4\" data-element_type=\"widget\" data-widget_type=\"iservice_box.default\">\n\t\t\t\t<div class=\"elementor-widget-container\">\n\t\t\t\r\n\t\t<div class=\"service-box s-box\">\r\n\t\t\t<span class=\"big-number\"><\/span>\r\n\t\t\t<div class=\"icon-main\">\r\n\t\t        \t\t\t    \t\t        <span class=\"flaticon-correct\"><\/span>\t        <\/div>\r\n\t        <div class=\"content-box\">\r\n\t            <h5>Gestion des Suggestions d\u2019Am\u00e9lioration : <br>E\u2013SUGGeSTIONS<\/h5>\r\n\t            <p><\/p>\r\n\t        <\/div>\r\n\t    <\/div>\r\n\r\n\t    \t\t<\/div>\n\t\t\t\t<\/div>\n\t\t\t\t<div class=\"elementor-element elementor-element-65a5716 elementor-widget elementor-widget-text-editor\" data-id=\"65a5716\" data-element_type=\"widget\" data-widget_type=\"text-editor.default\">\n\t\t\t\t<div class=\"elementor-widget-container\">\n\t\t\t<style>\/*! elementor - v3.20.0 - 10-04-2024 *\/\n.elementor-widget-text-editor.elementor-drop-cap-view-stacked .elementor-drop-cap{background-color:#69727d;color:#fff}.elementor-widget-text-editor.elementor-drop-cap-view-framed .elementor-drop-cap{color:#69727d;border:3px solid;background-color:transparent}.elementor-widget-text-editor:not(.elementor-drop-cap-view-default) .elementor-drop-cap{margin-top:8px}.elementor-widget-text-editor:not(.elementor-drop-cap-view-default) .elementor-drop-cap-letter{width:1em;height:1em}.elementor-widget-text-editor .elementor-drop-cap{float:left;text-align:center;line-height:1;font-size:50px}.elementor-widget-text-editor .elementor-drop-cap-letter{display:inline-block}<\/style>\t\t\t\t<p>Bienvenue dans l&#8217;univers innovant de V-UP Solutions, o\u00f9 l&#8217;excellence op\u00e9rationnelle prend une nouvelle dimension avec E-SUGGeSTIONS.<br \/>Notre application digitale r\u00e9volutionnaire red\u00e9finit la mani\u00e8re dont les collaborateurs op\u00e9rationnels, qu&#8217;ils soient conducteurs d&#8217;\u00e9quipement, op\u00e9rateurs ou autres, participent activement \u00e0 l&#8217;am\u00e9lioration continue de l&#8217;entreprise.<br \/>E-SUGGeSTIONS va au-del\u00e0 de la simple saisie des propositions d&#8217;am\u00e9lioration ; elle incarne une plateforme collaborative qui met le pouvoir de l&#8217;innovation entre les mains de ceux qui connaissent le mieux votre entreprise. Les collaborateurs peuvent d\u00e9sormais soumettre des suggestions visant \u00e0 accro\u00eetre la qualit\u00e9, optimiser les co\u00fbts, augmenter le volume de production, renforcer la s\u00e9curit\u00e9, et bien d&#8217;autres aspects cruciaux.<br \/>Du processus initial de proposition \u00e0 l&#8217;analyse approfondie et \u00e0 la validation par la hi\u00e9rarchie, E-SUGGeSTIONS transforme chaque id\u00e9e en une opportunit\u00e9 tangible d&#8217;am\u00e9lioration. La transparence et la collaboration sont au c\u0153ur de notre approche, permettant \u00e0 chaque collaborateur de jouer un r\u00f4le cl\u00e9 dans l&#8217;essor de l&#8217;entreprise.<br \/>Explorez un nouvel espace o\u00f9 l&#8217;innovation se traduit par des actions concr\u00e8tes.\u00a0<br \/>E-SUGGeSTIONS offre bien plus qu&#8217;une simple plateforme; elle est le moteur qui propulse votre entreprise vers l&#8217;avant, o\u00f9 la reconnaissance devient la r\u00e9ponse \u00e0 l&#8217;engagement et \u00e0 la contribution exceptionnels.<br \/>Rejoignez-nous dans cette aventure vers une culture d&#8217;am\u00e9lioration continue, o\u00f9 chaque id\u00e9e compte et o\u00f9 V-UP Solutions, avec E-SUGGeSTIONS, cr\u00e9e un environnement propice \u00e0 l&#8217;innovation et \u00e0 la reconnaissance m\u00e9rit\u00e9e.<br \/>Votre voix, vos id\u00e9es, votre impact. Bienvenue chez V-UP Solutions, o\u00f9 E-SUGGeSTIONS donne vie \u00e0 l&#8217;innovation \u00e0 chaque niveau de votre organisation.<\/p>\t\t\t\t\t\t<\/div>\n\t\t\t\t<\/div>\n\t\t\t\t\t<\/div>\n\t\t<\/div>\n\t\t\t\t<div class=\"elementor-column elementor-col-50 elementor-top-column elementor-element elementor-element-5f5a988 ot-flex-column-vertical\" data-id=\"5f5a988\" data-element_type=\"column\">\n\t\t\t<div class=\"elementor-widget-wrap elementor-element-populated\">\n\t\t\t\t\t\t<div class=\"elementor-element elementor-element-75f2c09 elementor-widget elementor-widget-iservice_box\" data-id=\"75f2c09\" data-element_type=\"widget\" data-widget_type=\"iservice_box.default\">\n\t\t\t\t<div class=\"elementor-widget-container\">\n\t\t\t\r\n\t\t<div class=\"service-box s-box\">\r\n\t\t\t<span class=\"big-number\"><\/span>\r\n\t\t\t<div class=\"icon-main\">\r\n\t\t        \t\t\t    \t\t        <span class=\"flaticon-correct\"><\/span>\t        <\/div>\r\n\t        <div class=\"content-box\">\r\n\t            <h5>E-SKILLS Permet de :<\/h5>\r\n\t            <p><\/p>\r\n\t        <\/div>\r\n\t    <\/div>\r\n\r\n\t    \t\t<\/div>\n\t\t\t\t<\/div>\n\t\t\t\t<div class=\"elementor-element elementor-element-e50a9d9 elementor-widget elementor-widget-text-editor\" data-id=\"e50a9d9\" data-element_type=\"widget\" data-widget_type=\"text-editor.default\">\n\t\t\t\t<div class=\"elementor-widget-container\">\n\t\t\t\t\t\t\t<p>\u2022 Saisir ou Enregistrer la proposition d\u2019am\u00e9lioration par le collaborateur.\u00a0<br \/>\u2022 Valider la proposition par la hi\u00e9rarchiser.<br \/>\u2022 Analyser la proposition.\u00a0<br \/>\u2022 R\u00e9compenser les meilleurs propositions.\u00a0<br \/>\u2022 Elaborer les tableaux de bord.\u00a0<\/p>\t\t\t\t\t\t<\/div>\n\t\t\t\t<\/div>\n\t\t\t\t\t<\/div>\n\t\t<\/div>\n\t\t\t\t\t<\/div>\n\t\t<\/section>\n\t\t\t\t<section class=\"elementor-section elementor-top-section elementor-element elementor-element-f9ee9aa ot-traditional elementor-section-boxed elementor-section-height-default elementor-section-height-default\" data-id=\"f9ee9aa\" data-element_type=\"section\" data-settings=\"{&quot;background_background&quot;:&quot;classic&quot;}\">\n\t\t\t\t\t\t<div class=\"elementor-container elementor-column-gap-default\">\n\t\t\t\t\t<div class=\"elementor-column elementor-col-100 elementor-top-column elementor-element elementor-element-3c652f0 ot-flex-column-vertical\" data-id=\"3c652f0\" data-element_type=\"column\">\n\t\t\t<div class=\"elementor-widget-wrap elementor-element-populated\">\n\t\t\t\t\t\t<div class=\"elementor-element elementor-element-44cf330 elementor-widget elementor-widget-heading\" data-id=\"44cf330\" data-element_type=\"widget\" data-widget_type=\"heading.default\">\n\t\t\t\t<div class=\"elementor-widget-container\">\n\t\t\t<style>\/*! elementor - v3.20.0 - 10-04-2024 *\/\n.elementor-heading-title{padding:0;margin:0;line-height:1}.elementor-widget-heading .elementor-heading-title[class*=elementor-size-]>a{color:inherit;font-size:inherit;line-height:inherit}.elementor-widget-heading .elementor-heading-title.elementor-size-small{font-size:15px}.elementor-widget-heading .elementor-heading-title.elementor-size-medium{font-size:19px}.elementor-widget-heading .elementor-heading-title.elementor-size-large{font-size:29px}.elementor-widget-heading .elementor-heading-title.elementor-size-xl{font-size:39px}.elementor-widget-heading .elementor-heading-title.elementor-size-xxl{font-size:59px}<\/style><p class=\"elementor-heading-title elementor-size-default\">Votre transformation commence ici. Bienvenue chez <\/p>\t\t<\/div>\n\t\t\t\t<\/div>\n\t\t\t\t<div class=\"elementor-element elementor-element-bc9d898 elementor-widget elementor-widget-heading\" data-id=\"bc9d898\" data-element_type=\"widget\" data-widget_type=\"heading.default\">\n\t\t\t\t<div class=\"elementor-widget-container\">\n\t\t\t<h2 class=\"elementor-heading-title elementor-size-default\">V-UP Solutions<\/h2>\t\t<\/div>\n\t\t\t\t<\/div>\n\t\t\t\t<div class=\"elementor-element elementor-element-6576593 elementor-align-center elementor-widget elementor-widget-ibutton\" data-id=\"6576593\" data-element_type=\"widget\" data-widget_type=\"ibutton.default\">\n\t\t\t\t<div class=\"elementor-widget-container\">\n\t\t\t\t\t<div class=\"ot-button\">\r\n\t\t\t<a href=\"https:\/\/v-up-solutions.com\/index.php\/contacts\/\" class=\"octf-btn octf-btn-primary\">Contactez nous<\/a>\r\n\t    <\/div>\r\n\t    \t\t<\/div>\n\t\t\t\t<\/div>\n\t\t\t\t\t<\/div>\n\t\t<\/div>\n\t\t\t\t\t<\/div>\n\t\t<\/section>\n\t\t\t\t<\/div>\n\t\t","protected":false},"excerpt":{"rendered":"<p>Gestion des Suggestions d\u2019Am\u00e9lioration : E\u2013SUGGeSTIONS Bienvenue dans l&#8217;univers innovant de V-UP Solutions, o\u00f9 l&#8217;excellence op\u00e9rationnelle prend une nouvelle dimension avec E-SUGGeSTIONS.Notre application digitale r\u00e9volutionnaire red\u00e9finit la mani\u00e8re dont les collaborateurs op\u00e9rationnels, qu&#8217;ils soient conducteurs d&#8217;\u00e9quipement, op\u00e9rateurs ou autres, participent activement \u00e0 l&#8217;am\u00e9lioration continue de l&#8217;entreprise.E-SUGGeSTIONS va au-del\u00e0 de la simple saisie des propositions d&#8217;am\u00e9lioration [&hellip;]<\/p>\n","protected":false},"author":1,"featured_media":0,"parent":0,"menu_order":0,"comment_status":"closed","ping_status":"closed","template":"","meta":{"footnotes":""},"_links":{"self":[{"href":"http:\/\/v-up-solutions.com\/index.php\/wp-json\/wp\/v2\/pages\/5263"}],"collection":[{"href":"http:\/\/v-up-solutions.com\/index.php\/wp-json\/wp\/v2\/pages"}],"about":[{"href":"http:\/\/v-up-solutions.com\/index.php\/wp-json\/wp\/v2\/types\/page"}],"author":[{"embeddable":true,"href":"http:\/\/v-up-solutions.com\/index.php\/wp-json\/wp\/v2\/users\/1"}],"replies":[{"embeddable":true,"href":"http:\/\/v-up-solutions.com\/index.php\/wp-json\/wp\/v2\/comments?post=5263"}],"version-history":[{"count":22,"href":"http:\/\/v-up-solutions.com\/index.php\/wp-json\/wp\/v2\/pages\/5263\/revisions"}],"predecessor-version":[{"id":5608,"href":"http:\/\/v-up-solutions.com\/index.php\/wp-json\/wp\/v2\/pages\/5263\/revisions\/5608"}],"wp:attachment":[{"href":"http:\/\/v-up-solutions.com\/index.php\/wp-json\/wp\/v2\/media?parent=5263"}],"curies":[{"name":"wp","href":"https:\/\/api.w.org\/{rel}","templated":true}]}}